 h = 0 - t. What is the units digit of -1 - (0 - (4 + h))?
1
Let l = 30 + 21. Let u = l + -31. What is the units digit of u?
0
Suppose -2*f = -5*r - 72, f + 0*f + r = 43. What is the units digit of f?
1
Let i(w) = w**3 - w**2 - 4. Let b be i(0). Let l be (b - -5) + 7/1. Suppose g + 4*g + 2*v = 28, -3*g + 5*v = l. What is the units digit of g?
4
Suppose 2*v + 0*b + 2*b = 14, 0 = 4*v + 2*b - 22. Suppose v*s - 28 = 4*k, -4*k + s + 1 = 38. Let a = -2 - k. What is the units digit of a?
8
Let p = 109 - 38. What is the tens digit of p?
7
Let b = 19 - 13. Suppose l = -3*l - 4. Let a = l + b. What is the units digit of a?
5
Suppose 5*p - 2*o = 4, 6 = 4*p - 7*p + 4*o. What is the tens digit of -25*(0 + (-2)/p)?
2
Let h(p) = 7*p**3 + 2*p**2. What is the tens digit of h(2)?
6
Let m(j) = -2*j**2 - 6*j + 8. Let b be m(-7). Let l = b - -67. What is the tens digit of l?
1
Suppose f + 4*r = 2*f + 23, 0 = -f + 2*r - 23. Let u = f + 39. What is the tens digit of u?
1
Let w be (-5 + -13)*1/(-3). What is the tens digit of (4/w)/(8/576)?
4
Let b(w) be the first derivative of 9*w**2/2 - 7*w + 1. What is the tens digit of b(5)?
3
Let r be 1/2 + 1/(-2). Suppose r*j + 70 = 5*j. What is the units digit of j?
4
Suppose 0 = g - 45 - 11. What is the units digit of g?
6
Let d be (-3)/3*1 + 7. What is the units digit of (-3)/(-12) + d/8?
1
Let g(o) = 20*o**2 + 3*o - 2. What is the tens digit of g(2)?
8
Let x(j) = j**2 - 3*j + 2. What is the units digit of x(4)?
6
Suppose 0*k + 2*k = 54. Let b = k + -25. What is the units digit of b?
2
Let w(p) = 4*p + p + 7 - 6*p - 2*p. What is the units digit of w(-5)?
2
Let d = 33 + -55. Let p = -6 - d. Let z = 23 - p. What is the units digit of z?
7
Let y = 1 + 2. Suppose -t - 2*r + 10 = 0, -2*r + 3 = -3*t + y*r. Suppose -10 = -5*x + t*x. What is the units digit of x?
0
Let y = 18 - -3. What is the tens digit of y?
2
Let v(r) = -33*r - 21. What is the tens digit of v(-4)?
1
Let d(s) = -2*s. Let v be d(2). Let z(t) = -4*t - 5. What is the units digit of z(v)?
1
Let t be (42/(-9))/((-1)/6). Suppose 4*x = 72 - t. What is the tens digit of x?
1
Suppose 4*x - 35 - 5 = 0. What is the tens digit of x?
1
What is the units digit of 1/3 + 56/21 + -2?
1
What is the units digit of (-220)/10*1/(-2)?
1
Suppose -10 = 5*m, -k + 22 = m - 6. What is the units digit of k?
0
Suppose 0*v = v + 6. Let f(h) = -h**2 - 8*h - 2. What is the units digit of f(v)?
0
Let r be (8/3)/((-2)/(-6)). Let c = 6 - r. Let u = 6 + c. What is the units digit of u?
4
Let x = -43 + 129. What is the units digit of x?
6
Suppose -p - p = 2*l - 74, 0 = 2*l - 4. What is the tens digit of p?
3
Let o be 0/(4 + -1 + -1). Let j be (o + 0)/(-2) - -25. Let s = j + -17. What is the units digit of s?
8
Suppose 2*a + f = 4, 0*a = -5*a - 2*f + 9. Let w(o) = 41*o**2 - 1. Let g be w(a). What is the units digit of (g/12)/((-2)/(-3))?
5
Suppose q = 1 - 0. Suppose 7 + q = 3*c - 2*v, 13 = 4*c - 5*v. Suppose r = -c*r + 18. What is the units digit of r?
6
Suppose 7*c - 2*c = 10. Let p(m) = m**2 - 2*m + 2. Let b be p(c). What is the units digit of b/(-3) - (-33)/9?
3
Suppose z + 3*m = 5*z + 26, 23 = -5*z - m. Let s = -3 - z. What is the units digit of (-3)/3*-1 + s?
3
Let w(r) = 2 + 26*r + 0 - 2. What is the units digit of w(1)?
6
Let j = 4 + 33. What is the tens digit of j?
3
Suppose -5*y + 170 = 4*g, 5*g = 4*y + 29 - 206. What is the units digit of y?
8
Let f(y) be the third derivative of y**7/420 - y**5/120 - y**4/12 - 2*y**2. Let k(i) be the second derivative of f(i). What is the units digit of k(-1)?
5
Suppose 5*w - 61 = 604. What is the units digit of w?
3
Suppose -2 - 7 = p. What is the units digit of (-47)/p - (-4)/(-18)?
5
Suppose 0 = 6*h - 1088 - 970. Suppose -4*r - 16 = 0, -5*r - 131 + h = 4*l. What is the tens digit of l?
5
Let v = -39 - -89. Suppose -a + 4*l - 8 = 0, 5*l + 15 = -5*a + v. Suppose -3*q - 5*w + 4 = 0, a*q + 7*w = 3*w + 8. What is the units digit of q?
3
Suppose p + 0*p - 45 = 0. Suppose -3*d = -5*j - d - p, -5*j = 5*d + 45. What is the units digit of (-2)/(-6) - 33/j?
4
Let r = 55 - 30. Suppose 4*a - r = 35. What is the units digit of a?
5
Let f(v) = -8*v**2 - 12*v + 0*v**2 + 3 + v**3 - 4*v**2 - 4. What is the units digit of f(13)?
2
Let r be (-1)/(-2) - 69/(-2). What is the units digit of r/3 + 4/(-6)?
1
Suppose -2*n = 5*j + 11, 0 = 4*n + n - 2*j - 16. Suppose n*i - 107 = 3*b, i + 2*i = b + 143. What is the units digit of i?
6
Suppose 5*a + 110 = 40. What is the units digit of (-2)/(-7) + (-206)/a?
5
Suppose 5*f = -0*f + 20. Let j = 5 - f. What is the units digit of j?
1
Let y(v) = v**3 - 6*v**2 + 6*v - 3. Let r be (1 + -2)/(-3)*15. Let z be y(r). What is the units digit of (-1 - 0)*(z - 8)?
6
Let v(q) = 36*q**2 + 2*q + 1. What is the tens digit of v(-1)?
3
Let y = 26 - 14. What is the units digit of y?
2
Suppose 2*g = -2*g - 80. What is the units digit of -4 - -5*g/(-4)?
1
Let a = -5 - -23. What is the units digit of a?
8
Suppose -5*u + 20 = -0. Let r = 3 + u. What is the units digit of r?
7
Let o = 415 + -199. What is the units digit of o?
6
Let a be (-2 - 64/(-1))*1. Suppose -3*j + a = 8. What is the units digit of (6/4)/(3/j)?
9
Suppose 0 = 5*a - 7*a. Suppose a = 4*t + 5*d - 13 - 8, -5*d + 25 = 0. Let u = t + 4. What is the units digit of u?
3
Suppose 2*k + d = 6*d + 1, 7 = -2*k - 3*d. What is the units digit of (-86)/(-18) + k/(-9)?
5
What is the units digit of (260/(-6))/(-2*1/3)?
5
Let k(i) be the third derivative of -i**6/720 + i**5/20 + i**4/6 - 2*i**2. Let u(o) be the second derivative of k(o). What is the tens digit of u(-9)?
1
Let h(f) = f**3 - 17*f**2 + 8*f + 12. What is the hundreds digit of h(17)?
1
Let y(h) = -2*h - 4. Let o be y(-4). Suppose 2*w - 5 = c, -o*w + 0*w = -4*c. Suppose 2*z + 2*r + 1 = -c, 0 = -5*z - 3*r - 5. What is the units digit of z?
2
Suppose 3*f = -3*s + 93, -3*s + 0*f + 93 = -2*f. What is the units digit of s?
1
Let f(k) be the second derivative of -k**6/180 + k**5/60 - k**4/4 - 3*k. Let i(v) be the third derivative of f(v). What is the tens digit of i(-2)?
1
Let s = -129 + 305. What is the hundreds digit of s?
1
Suppose c + 4 = -2*i, -2*i - c + 4 = 2*c. What is the units digit of 0 + i - (-1 + -27)?
4
Let f(z) = -z**3 + 4*z**2 + 5*z. Let n be f(5). Suppose n*d = d - 2. What is the units digit of d?
2
Let s = 7 - 0. Let u(r) = -2*r + 6. Let w be u(3). Suppose 2*c + q - s = w, c - 5*q = -8 - 16. What is the units digit of c?
1
Suppose -2*n + 2 = -n, -2*g - 20 = -4*n. Let a = g + 37. What is the units digit of a?
1
Let n = 1 - -11. Let b be 8/n + (-4)/6. Let d = 11 - b. What is the units digit of d?
1
Let y = -22 - -46. What is the units digit of y?
4
Let o(y) = 2*y**2 + 3*y - 3. Suppose -7 = 2*x - 1. Let t(l) = -l**3 - 2*l**2 + 5*l + 3. Let p be t(x). What is the units digit of o(p)?
6
Let c = -1 - -1. Suppose -l + 0 + 1 = 4*q, c = 3*l + 3*q - 3. What is the units digit of l?
1
Let u = -17 + 19. What is the units digit of u?
2
Suppose p + 0*p = -c + 3, 5*c = -5. Suppose p*v - 42 = 2. What is the tens digit of v?
1
Let y = -76 - -124. What is the tens digit of y?
4
Suppose 2*h + 3*h - 95 = 0. Suppose -w + h = 5*x - 4*x, 2*x - 37 = -3*w. What is the tens digit of x?
2
Suppose -6*i + 1361 = -1. What is the tens digit of i?
2
Let j = 3 - 2. Let k = 2 - j. Suppose 21 = 2*c + k. What is the tens digit of c?
1
Suppose 2*z = 4*d - 14, 3*z = -z - d - 1. Let k be 3*z/(-12)*4. Suppose -4*n = -3 - k. What is the units digit of n?
1
Suppose 2*u + 0*a - 1 = -5*a, 4*u + a - 11 = 0. Suppose -u*i = -j + 42 + 4, 40 = -4*i - 4*j. What is the units digit of ((-4)/(-5))/(i/(-35))?
2
Let m = -22 - -21. Suppose i + 2*l + 11 = 0, i - 28 + 9 = 4*l. What is the units digit of (-1)/(i/5) - m?
6
Let l = 22 - 14. Suppose -3*k = -5*z - l + 28, 5*z = 4*k + 15. What is the units digit of z?
7
Suppose 2*l + 8*b = 5*b + 37, 4*l = -3*b + 59. Let t = 5 - l. What is the units digit of 0 - -2 - 2 - t?
6
What is the tens digit of 846/8 - ((-6)/8)/3?
0
Let y(h) be the first derivative of -3*h**2/2 + 10*h + 2. What is the tens digit of y(-10)?
4
Suppose 3*x - 2*l = 172, -2*x = l - 5*l - 104. What is the tens digit of x?
6
Suppose -3*j = -9*j + 930. What is the hundreds digit of j?
1
What is the units digit of (8/32)/((-2)/(-152))?
9
Let o(w) = -w + 12. Let l be o(10). Suppose -